 Calculate the remainder when ((-2)/l)/(f/72) is divided by 10.
8
Let v(m) = -m**2 + 10*m + 2. Let h be v(10). Let p be ((-12)/(-10))/(h/10). Calculate the remainder when 2 is divided by ((-4)/p)/(2/(-3)).
0
Let a = -9 - -26. What is the remainder when a is divided by 320/48*1/(-2)*-3?
7
Let q = 317 - 213. Calculate the remainder when q is divided by 18.
14
Let j = 38 + -15. Calculate the remainder when j is divided by 7.
2
Let o(j) = 2*j - 8. Let u be o(9). Calculate the remainder when 2/3 - 134/(-6) is divided by 41/5 - 2/u.
7
What is the remainder when (5/3)/(4/24) is divided by 6?
4
Suppose -2*r = 4*t - 14 - 86, -t - 2*r + 22 = 0. Suppose 5*s = -7 + 52. Calculate the remainder when t is divided by s.
8
Suppose -20 = -3*g + 5*f, g - 6*f - 10 = -f. Calculate the remainder when 4/(-10) - (-84)/10 is divided by g.
3
Let v(h) = h**2 - 8*h + 2. Let s be v(8). Let q(o) = o - 1. Let n(k) = -4*k - 5. Let c(z) = -n(z) + 4*q(z). Calculate the remainder when c(s) is divided by 9.
8
Suppose 0*z = 5*u - 2*z - 410, 0 = 4*u + z - 341. Calculate the remainder when ((-8)/(-16))/(2/u) is divided by 11.
10
Let s(b) = b**3 - 6*b**2 + 14. What is the remainder when 30 is divided by s(6)?
2
Suppose 3*v - 267 = -0*v. Calculate the remainder when v is divided by 18.
17
Let l(z) = 3*z - 1. Let u be l(2). Let h = 2 + u. Calculate the remainder when 6/8 - 146*1/(-8) is divided by h.
5
Suppose -h = 5*v + 93, -4*v = -4*h - 116 - 256. Let s = 144 + h. What is the remainder when s is divided by 13?
12
Suppose 0 - 5 = s - 3*d, -3*s - 15 = d. Let q(n) = -n - 3. Let l be q(s). Let a = l + 0. Calculate the remainder when 2 is divided by a.
0
Calculate the remainder when 24 is divided by (18 + -3)*12/20.
6
Let j(o) = 2*o**3 - 5*o**2 + 3*o + 1. What is the remainder when j(3) is divided by 11?
8
Suppose 5*l + 17 = 2. Let v = l - -8. Suppose t = 4*s, 0 = t - v*s + 1. What is the remainder when t is divided by 3?
1
Let u = -76 + 253. Calculate the remainder when u is divided by 12.
9
What is the remainder when 99 is divided by -1*(-2)/(-4)*-50?
24
Let i be 3/9 + (-7)/3. Let k = 5 + i. Calculate the remainder when 10 is divided by k.
1
Suppose -3*d + d + 12 = 0. Calculate the remainder when (-6)/d*-41*1 is divided by 15.
11
Let v be (-1)/(-1*(-1)/(-373)). Suppose 0 = 5*n - v + 93. What is the remainder when 6/9 - n/(-6) is divided by 6?
4
Let d(r) = -r + 13 + 2*r - 9. What is the remainder when d(3) is divided by 2?
1
Let u(p) = p**3 + 6*p**2 + p - 2. Let y = 19 - 11. Calculate the remainder when u(-3) is divided by y.
6
Let l = -13 - -30. What is the remainder when 117 is divided by l?
15
Suppose -p + 4 = -0. Let i be 31 + (-3 + 1)/(-2). Let u = 45 - i. Calculate the remainder when u is divided by p.
1
Let r(m) = -2*m + 2. Let b be r(5). Let q(p) = p**2 + 9*p + 6. Let z be q(b). Calculate the remainder when 22 is divided by z*3/2 + 15.
10
Let m = 0 - 6. Let a = -3 - m. What is the remainder when a is divided by 2?
1
Let c = 16 - 26. Calculate the remainder when 13 is divided by 45/(-18)*32/c.
5
Let i(o) = o**3 + 7*o**2 + 3*o + 4. Let q be i(-6). Suppose 0*b + 4*x - 24 = -4*b, -x + q = 3*b. What is the remainder when 41 is divided by 84/(-8)*b/(-6)?
13
Suppose -3*d = 2*d - 135. Let j = -18 + d. Calculate the remainder when 26 is divided by j.
8
Suppose -3*z - 2*v + 13 = 0, -z + 5*z + 2*v - 16 = 0. What is the remainder when 14 is divided by z?
2
Let f be ((-248)/(-2*2))/2. Suppose i = -1 + f. What is the remainder when i is divided by 16?
14
Suppose 6*n - 2*n - i - 72 = 0, -18 = -n - i. Let b(c) = -20*c**3 + 5*c - 38*c**3 + 22*c**3 - 4*c. Calculate the remainder when b(-1) is divided by n.
17
Suppose 3*s + 4*y = -276, -2*y - 378 = 6*s - 2*s. Let r = s - -145. Calculate the remainder when r is divided by 13.
10
Let g = 238 + -25. Suppose 0*m - m = -g. Suppose m = i + 2*i. What is the remainder when i is divided by 24?
23
Suppose 3*t - t - 5*w - 15 = 0, 5*w + 30 = 5*t. Let m = 8 - 6. Calculate the remainder when t is divided by m.
1
Let c(z) = 8*z**2 + 2*z + 4. What is the remainder when 28 is divided by c(-1)?
8
Suppose 4*s - 87 = s. Let z be ((-16)/(-6))/(2/9). What is the remainder when s is divided by 20*(21/z + -1)?
14
Let l be (-46)/(-3) - (-6)/9. Let f = l + 7. Suppose 3*u + 3*q = 33, -u - q + 4*q - 1 = 0. What is the remainder when f is divided by u?
7
Let r be ((-1)/(-1) - 0) + 2. Suppose -r*z = j - 0*j - 128, 0 = -4*z - 5*j + 189. What is the remainder when z is divided by 11?
8
Let q = 9 + -7. Suppose q*d = 2 + 2. Suppose 41 = 4*w - g + d, 4*w - 5*g = 19. What is the remainder when 31 is divided by w?
9
Suppose -3*z + 2*z + 23 = -3*l, 0 = 2*z + l - 18. What is the remainder when 41 is divided by z?
8
Let v be (2/(-3))/((-7)/21). Let f = 18 + -11. Calculate the remainder when f is divided by 1 - (0/3 - v).
1
Let z = -143 - -213. Calculate the remainder when z is divided by 12.
10
Let l(p) = -p**3 + 8*p**2 - 4*p - 3. Let h be l(7). Suppose -102 + h = -3*x. What is the remainder when x is divided by 10?
8
Suppose 146 - 22 = 4*p. Suppose 9 = -2*c + p. Calculate the remainder when 43 is divided by c.
10
What is the remainder when 93 is divided by -1*8/(-12)*18?
9
Suppose -10 = -2*s + 4. Calculate the remainder when 18 is divided by s.
4
Let x = 68 - 104. Suppose -5*g = 5*y - 0*y - 10, 0 = 2*y - g + 11. What is the remainder when 37 is divided by y/6*(x - 2)?
18
What is the remainder when (-386)/(-4) + 1/(-2) is divided by 33?
30
Suppose -4*x - 8 = -32. Let s = -100 - -148. Let n = s - 31. Calculate the remainder when n is divided by x.
5
Suppose 1 = -z + 3. Suppose -z*m + 6*m = 48. Suppose 5*w = -3*r + 19, 26 + m = 2*r - 3*w. What is the remainder when r is divided by 5?
3
Suppose 3*l - 347 = -122. Let k(d) = -d**3 + 4*d**2 + 4*d + 3. Calculate the remainder when l is divided by k(-2).
18
Let n(v) = -2*v + 1 - 2 - 1. Let f be n(-5). Let j = f - 6. What is the remainder when 3 is divided by j?
1
Suppose 0 = b - 4*b. Suppose -5*s - 18 + 78 = b. What is the remainder when 21 is divided by s?
9
Suppose -7*h + 1287 = 356. What is the remainder when h is divided by 34?
31
Suppose 5*x - 6 = -1. Suppose -n + 9 = 5*d, 4*n = -6*d + 4*d. What is the remainder when d is divided by x?
0
Let r = 60 + -39. Let p = r - 18. Calculate the remainder when 3 is divided by p.
0
Suppose 104 = 5*q - 31. What is the remainder when q is divided by 16?
11
Let k(g) = -24*g**3 + 1. What is the remainder when k(-1) is divided by 7?
4
Calculate the remainder when (1 + -2)/((-1)/21) is divided by 8.
5
Let r(p) be the third derivative of p**4/24 + 5*p**3/3 + 2*p**2. Let f be r(-6). Suppose -f*s + 103 = -13. What is the remainder when s is divided by 10?
9
Suppose 118 + 38 = 12*m. Calculate the remainder when 89 is divided by m.
11
Let l(r) = 14*r - 1. Let x(s) = -27*s + 2. Let m(v) = -9*l(v) - 4*x(v). What is the remainder when m(-1) is divided by 10?
9
Let d(j) = j**2 + 2*j - 1. Let p = -1 - -4. Suppose w + p = 4. What is the remainder when d(-3) is divided by w?
0
Let g = -1 + 5. Suppose z - 5 = -2*l, g*z = -l - z - 20. Calculate the remainder when l is divided by 3.
2
Let b = 28 + -13. Suppose 3*q + 227 = 5*g, -5*g + 0*q + 231 = -4*q. What is the remainder when g is divided by b?
13
Let k be (2*-1)/(3 + -4). Suppose 0 = k*u - 6 - 6. What is the remainder when (2/(-4))/((-1)/20) is divided by u?
4
Suppose -4*t + 8 + 16 = 0. Suppose -t - 2 = -2*c, -2*v + 14 = c. What is the remainder when 9 is divided by v?
4
Suppose -3*h = 2*h - 105. Suppose -2*p + 44 = 2*q, h - 87 = -3*q + 4*p. What is the remainder when 42 is divided by q?
20
Suppose -4*x + 101 = 13. Calculate the remainder when x is divided by 6.
4
Let u(z) = z**2 - 9*z + 8. Let n be u(8). Suppose 2*r + 7 = w - n*r, 0 = -2*w - 4*r + 38. What is the remainder when 50 is divided by w?
11
Suppose 4*z - 171 = z. Calculate the remainder when z is divided by ((-5)/(-4))/(4/48).
12
Suppose 0*g + 60 = 4*g. Suppose 4*w - 545 = 191. Suppose 4*j = 4*v + 60 - w, -v - 3*j = -23. What is the remainder when v is divided by g?
14
Let l(t) be the second derivative of t**4/6 + t**3/6 - t**2/2 - 2*t. What is the remainder when 7 is divided by l(1)?
1
Suppose -q - 48 - 64 = -5*l, -5*q = 10. What is the remainder when l is divided by 5?
2
Let g(x) = x. Let z(t) be the 